{"id":705,"date":"2023-08-25T14:38:53","date_gmt":"2023-08-25T19:38:53","guid":{"rendered":"https:\/\/equiposcertificadosaltura.com\/?page_id=705"},"modified":"2024-05-13T15:40:00","modified_gmt":"2024-05-13T20:40:00","slug":"camion-canasta","status":"publish","type":"page","link":"https:\/\/equiposcertificadosaltura.com\/index.php\/camion-canasta\/","title":{"rendered":"Cami\u00f3n Canasta"},"content":{"rendered":"<style>.elementor-705 .elementor-element.elementor-element-1c6e7501{padding:100px 0px 100px 0px;}.elementor-705 .elementor-element.elementor-element-9b56911{--e-image-carousel-slides-to-show:1;}.elementor-705 .elementor-element.elementor-element-4bac5ad3{margin-top:50px;margin-bottom:0px;}.elementor-705 .elementor-element.elementor-element-3bc5357 > .elementor-widget-container{margin:0px 0px 20px 0px;}.elementor-705 .elementor-element.elementor-element-3bc5357 .elementor-heading-title{font-family:\"Roboto\", Sans-serif;font-size:48px;font-weight:600;color:var( --e-global-color-primary );}.elementor-705 .elementor-element.elementor-element-1f804b76{width:var( --container-widget-width, 99.729% );max-width:99.729%;--container-widget-width:99.729%;--container-widget-flex-grow:0;color:var( --e-global-color-accent );font-family:var( --e-global-typography-secondary-font-family ), Sans-serif;font-weight:var( --e-global-typography-secondary-font-weight );}.elementor-705 .elementor-element.elementor-element-6cffe60c .elementor-active .elementor-accordion-icon, .elementor-705 .elementor-element.elementor-element-6cffe60c .elementor-active .elementor-accordion-title{color:var( --e-global-color-secondary );}.elementor-705 .elementor-element.elementor-element-6cffe60c .elementor-active .elementor-accordion-icon svg{fill:var( --e-global-color-secondary );}.elementor-705 .elementor-element.elementor-element-6cffe60c .elementor-accordion-title{font-family:\"Roboto\", Sans-serif;font-size:25px;font-weight:600;}.elementor-705 .elementor-element.elementor-element-6cffe60c .elementor-tab-title{padding:25px 20px 25px 20px;}.elementor-705 .elementor-element.elementor-element-6cffe60c .elementor-accordion-icon.elementor-accordion-icon-left{margin-right:10px;}.elementor-705 .elementor-element.elementor-element-6cffe60c .elementor-accordion-icon.elementor-accordion-icon-right{margin-left:10px;}.elementor-705 .elementor-element.elementor-element-6cffe60c .elementor-tab-content{font-family:var( --e-global-typography-text-font-family ), Sans-serif;font-weight:var( --e-global-typography-text-font-weight );}.elementor-705 .elementor-element.elementor-element-91f3bae{color:var( --e-global-color-accent );font-family:var( --e-global-typography-secondary-font-family ), Sans-serif;font-weight:var( --e-global-typography-secondary-font-weight );}:root{--page-title-display:none;}<\/style>\t\t<div data-elementor-type=\"wp-page\" data-elementor-id=\"705\" class=\"elementor elementor-705\" data-elementor-post-type=\"page\">\n\t\t\t\t\t\t<section class=\"elementor-section elementor-top-section elementor-element elementor-element-1c6e7501 elementor-section-full_width elementor-section-height-default elementor-section-height-default\" data-id=\"1c6e7501\" data-element_type=\"section\">\n\t\t\t\t\t\t<div class=\"elementor-container elementor-column-gap-default\">\n\t\t\t\t\t<div class=\"elementor-column elementor-col-100 elementor-top-column elementor-element elementor-element-2319825c\" data-id=\"2319825c\" data-element_type=\"column\">\n\t\t\t<div class=\"elementor-widget-wrap elementor-element-populated\">\n\t\t\t\t\t\t<section class=\"elementor-section elementor-inner-section elementor-element elementor-element-795630ce elementor-section-boxed elementor-section-height-default elementor-section-height-default\" data-id=\"795630ce\" data-element_type=\"section\">\n\t\t\t\t\t\t<div class=\"elementor-container elementor-column-gap-default\">\n\t\t\t\t\t<div class=\"elementor-column elementor-col-100 elementor-inner-column elementor-element elementor-element-7eb7bc15\" data-id=\"7eb7bc15\" data-element_type=\"column\">\n\t\t\t<div class=\"elementor-widget-wrap elementor-element-populated\">\n\t\t\t\t\t\t<div class=\"elementor-element elementor-element-9b56911 elementor-arrows-position-inside elementor-widget elementor-widget-image-carousel\" data-id=\"9b56911\" data-element_type=\"widget\" data-settings=\"{&quot;slides_to_show&quot;:&quot;1&quot;,&quot;navigation&quot;:&quot;arrows&quot;,&quot;autoplay&quot;:&quot;yes&quot;,&quot;pause_on_hover&quot;:&quot;yes&quot;,&quot;pause_on_interaction&quot;:&quot;yes&quot;,&quot;autoplay_speed&quot;:5000,&quot;infinite&quot;:&quot;yes&quot;,&quot;effect&quot;:&quot;slide&quot;,&quot;speed&quot;:500}\" data-widget_type=\"image-carousel.default\">\n\t\t\t\t<div class=\"elementor-widget-container\">\n\t\t\t\t\t\t\t<div class=\"elementor-image-carousel-wrapper swiper\" role=\"region\" aria-roledescription=\"carousel\" aria-label=\"Carrusel de im\u00e1genes\" dir=\"ltr\">\n\t\t\t<div class=\"elementor-image-carousel swiper-wrapper\" aria-live=\"off\">\n\t\t\t\t\t\t\t\t<div class=\"swiper-slide\" role=\"group\" aria-roledescription=\"slide\" aria-label=\"1 de 4\"><figure class=\"swiper-slide-inner\"><img decoding=\"async\" class=\"swiper-slide-image\" src=\"https:\/\/equiposcertificadosaltura.com\/wp-content\/uploads\/2023\/10\/2-240x300.jpg\" alt=\"2\" \/><\/figure><\/div><div class=\"swiper-slide\" role=\"group\" aria-roledescription=\"slide\" aria-label=\"2 de 4\"><figure class=\"swiper-slide-inner\"><img decoding=\"async\" class=\"swiper-slide-image\" src=\"https:\/\/equiposcertificadosaltura.com\/wp-content\/uploads\/2023\/10\/3-240x300.jpg\" alt=\"3\" \/><\/figure><\/div><div class=\"swiper-slide\" role=\"group\" aria-roledescription=\"slide\" aria-label=\"3 de 4\"><figure class=\"swiper-slide-inner\"><img decoding=\"async\" class=\"swiper-slide-image\" src=\"https:\/\/equiposcertificadosaltura.com\/wp-content\/uploads\/2023\/10\/4-240x300.jpg\" alt=\"4\" \/><\/figure><\/div><div class=\"swiper-slide\" role=\"group\" aria-roledescription=\"slide\" aria-label=\"4 de 4\"><figure class=\"swiper-slide-inner\"><img decoding=\"async\" class=\"swiper-slide-image\" src=\"https:\/\/equiposcertificadosaltura.com\/wp-content\/uploads\/2023\/10\/6-240x300.jpg\" alt=\"6\" \/><\/figure><\/div>\t\t\t<\/div>\n\t\t\t\t\t\t\t\t\t\t\t\t<div class=\"elementor-swiper-button elementor-swiper-button-prev\" role=\"button\" tabindex=\"0\">\n\t\t\t\t\t\t<i aria-hidden=\"true\" class=\"eicon-chevron-left\"><\/i>\t\t\t\t\t<\/div>\n\t\t\t\t\t<div class=\"elementor-swiper-button elementor-swiper-button-next\" role=\"button\" tabindex=\"0\">\n\t\t\t\t\t\t<i aria-hidden=\"true\" class=\"eicon-chevron-right\"><\/i>\t\t\t\t\t<\/div>\n\t\t\t\t\n\t\t\t\t\t\t\t\t\t<\/div>\n\t\t\t\t\t\t<\/div>\n\t\t\t\t<\/div>\n\t\t\t\t\t<\/div>\n\t\t<\/div>\n\t\t\t\t\t<\/div>\n\t\t<\/section>\n\t\t\t\t<section class=\"elementor-section elementor-inner-section elementor-element elementor-element-4bac5ad3 elementor-section-boxed elementor-section-height-default elementor-section-height-default\" data-id=\"4bac5ad3\" data-element_type=\"section\">\n\t\t\t\t\t\t<div class=\"elementor-container elementor-column-gap-default\">\n\t\t\t\t\t<div class=\"elementor-column elementor-col-100 elementor-inner-column elementor-element elementor-element-36906495\" data-id=\"36906495\" data-element_type=\"column\">\n\t\t\t<div class=\"elementor-widget-wrap elementor-element-populated\">\n\t\t\t\t\t\t<div class=\"elementor-element elementor-element-3bc5357 elementor-widget elementor-widget-heading\" data-id=\"3bc5357\" data-element_type=\"widget\" data-widget_type=\"heading.default\">\n\t\t\t\t<div class=\"elementor-widget-container\">\n\t\t\t\t\t<h5 class=\"elementor-heading-title elementor-size-default\">Cami\u00f3n Canasta <\/h5>\t\t\t\t<\/div>\n\t\t\t\t<\/div>\n\t\t\t\t<div class=\"elementor-element elementor-element-1f804b76 elementor-widget__width-initial elementor-widget elementor-widget-text-editor\" data-id=\"1f804b76\" data-element_type=\"widget\" data-widget_type=\"text-editor.default\">\n\t\t\t\t<div class=\"elementor-widget-container\">\n\t\t\t\t\t\t\t\t\t<p>Disposici\u00f3n de cami\u00f3n canasta para proyecto de instalaci\u00f3n de aviso de Dollarcity con un alcance a 24 mts de altura. Nuestro cami\u00f3n canasta se convirti\u00f3 en una herramienta esencial para alcanzar esta considerable altura de manera segura y eficiente.<\/p><p>Los beneficios de este equipo para el desarrollo de la actividad incluyen:<\/p><p><strong>Acceso seguro en alturas:<\/strong> Gracias a la capacidad de elevaci\u00f3n y la estabilidad del cami\u00f3n canasta, los profesionales pudieron trabajar en alturas considerables con total seguridad.<\/p><p><strong>Eficiencia en la instalaci\u00f3n:<\/strong> El cami\u00f3n canasta permiti\u00f3 un acceso directo al lugar de instalaci\u00f3n, reduciendo el tiempo necesario para llevar a cabo el proyecto y minimizando las interrupciones.<\/p><p><strong>Flexibilidad y versatilidad:<\/strong> Ajuste adecuado de la posici\u00f3n y la altura del cami\u00f3n canasta, lo que result\u00f3 en una instalaci\u00f3n precisa y de alta calidad del aviso de Dollarcity.<\/p><p><strong>Cumplimiento normativo:<\/strong> Nuestro cami\u00f3n canasta cumple con las normativas de seguridad m\u00e1s estrictas, garantizando un entorno de trabajo seguro tanto para el personal de trabajo como para el p\u00fablico en general.<\/p>\t\t\t\t\t\t\t\t<\/div>\n\t\t\t\t<\/div>\n\t\t\t\t<div class=\"elementor-element elementor-element-6cffe60c elementor-widget elementor-widget-accordion\" data-id=\"6cffe60c\" data-element_type=\"widget\" data-widget_type=\"accordion.default\">\n\t\t\t\t<div class=\"elementor-widget-container\">\n\t\t\t\t\t\t\t<div class=\"elementor-accordion\">\n\t\t\t\t\t\t\t<div class=\"elementor-accordion-item\">\n\t\t\t\t\t<div id=\"elementor-tab-title-1821\" class=\"elementor-tab-title\" data-tab=\"1\" role=\"button\" aria-controls=\"elementor-tab-content-1821\" aria-expanded=\"false\">\n\t\t\t\t\t\t\t\t\t\t\t\t\t<span class=\"elementor-accordion-icon elementor-accordion-icon-left\" aria-hidden=\"true\">\n\t\t\t\t\t\t\t\t\t\t\t\t\t\t\t<span class=\"elementor-accordion-icon-closed\"><i class=\"fas fa-plus\"><\/i><\/span>\n\t\t\t\t\t\t\t\t<span class=\"elementor-accordion-icon-opened\"><i class=\"fas fa-minus\"><\/i><\/span>\n\t\t\t\t\t\t\t\t\t\t\t\t\t\t<\/span>\n\t\t\t\t\t\t\t\t\t\t\t\t<a class=\"elementor-accordion-title\" tabindex=\"0\">Beneficios y Seguridad:<\/a>\n\t\t\t\t\t<\/div>\n\t\t\t\t\t<div id=\"elementor-tab-content-1821\" class=\"elementor-tab-content elementor-clearfix\" data-tab=\"1\" role=\"region\" aria-labelledby=\"elementor-tab-title-1821\"><p><span style=\"color: #646865; font-family: 'Roboto Slab', sans-serif;\">Si est\u00e1s buscando una soluci\u00f3n eficiente y segura para proyectos a grandes alturas el desarrollo de labores con camion canasta es una gran soluci\u00f3n. Cont\u00e1ctanos para obtener m\u00e1s informaci\u00f3n sobre c\u00f3mo podemos ayudarte a alcanzar tus objetivos con confianza y excelencia.<\/span><\/p><\/div>\n\t\t\t\t<\/div>\n\t\t\t\t\t\t\t\t<\/div>\n\t\t\t\t\t\t<\/div>\n\t\t\t\t<\/div>\n\t\t\t\t<div class=\"elementor-element elementor-element-91f3bae elementor-widget elementor-widget-text-editor\" data-id=\"91f3bae\" data-element_type=\"widget\" data-widget_type=\"text-editor.default\">\n\t\t\t\t<div class=\"elementor-widget-container\">\n\t\t\t\t\t\t\t\t\t<p>Contamos con una gran disponibilidad de equipos para trabajos en alturas brindando soluciones seguras y eficientes para tus proyectos en Rionegro y municipios aleda\u00f1os en el departamento de Antioquia, al igual que en Bucaramanga y su \u00e1rea metropolitana. Para consultas adicionales o para obtener informaci\u00f3n detallada sobre este proyecto y nuestros servicios, no dudes en ponerte en contacto con nosotros.<\/p>\t\t\t\t\t\t\t\t<\/div>\n\t\t\t\t<\/div>\n\t\t\t\t\t<\/div>\n\t\t<\/div>\n\t\t\t\t\t<\/div>\n\t\t<\/section>\n\t\t\t\t\t<\/div>\n\t\t<\/div>\n\t\t\t\t\t<\/div>\n\t\t<\/section>\n\t\t\t\t<\/div>\n\t\t","protected":false},"excerpt":{"rendered":"<p>Cami\u00f3n Canasta Disposici\u00f3n de cami\u00f3n canasta para proyecto de instalaci\u00f3n de aviso de Dollarcity con un alcance a 24 mts de altura. Nuestro cami\u00f3n canasta se convirti\u00f3 en una herramienta esencial para alcanzar esta considerable altura de manera segura y eficiente. Los beneficios de este equipo para el desarrollo de la actividad incluyen: Acceso seguro [&hellip;]<\/p>\n","protected":false},"author":1,"featured_media":0,"parent":0,"menu_order":0,"comment_status":"open","ping_status":"closed","template":"elementor_header_footer","meta":{"footnotes":"","_joinchat":[]},"yoast_head":"<!-- This site is optimized with the Yoast SEO plugin v22.2 - https:\/\/yoast.com\/wordpress\/plugins\/seo\/ -->\n<title>Cami\u00f3n Canasta - SAPMAN SAS<\/title>\n<meta name=\"description\" content=\"Disponibilidad de Cami\u00f3n canasta para trabajo a grandes alturas, cont\u00e1ctanos y recibe la mejor asesor\u00eda para el desarrollo de cualquier clase de proyecto en alturas.\" \/>\n<meta name=\"robots\" content=\"index, follow, max-snippet:-1, max-image-preview:large, max-video-preview:-1\" \/>\n<link rel=\"canonical\" href=\"https:\/\/equiposcertificadosaltura.com\/index.php\/camion-canasta\/\" \/>\n<meta property=\"og:locale\" content=\"es_ES\" \/>\n<meta property=\"og:type\" content=\"article\" \/>\n<meta property=\"og:title\" content=\"Cami\u00f3n Canasta - SAPMAN SAS\" \/>\n<meta property=\"og:description\" content=\"Disponibilidad de Cami\u00f3n canasta para trabajo a grandes alturas, cont\u00e1ctanos y recibe la mejor asesor\u00eda para el desarrollo de cualquier clase de proyecto en alturas.\" \/>\n<meta property=\"og:url\" content=\"https:\/\/equiposcertificadosaltura.com\/index.php\/camion-canasta\/\" \/>\n<meta property=\"og:site_name\" content=\"SAPMAN SAS\" \/>\n<meta property=\"article:modified_time\" content=\"2024-05-13T20:40:00+00:00\" \/>\n<meta property=\"og:image\" content=\"https:\/\/equiposcertificadosaltura.com\/wp-content\/uploads\/2023\/10\/2-240x300.jpg\" \/>\n<meta name=\"twitter:card\" content=\"summary_large_image\" \/>\n<meta name=\"twitter:label1\" content=\"Tiempo de lectura\" \/>\n\t<meta name=\"twitter:data1\" content=\"3 minutos\" \/>\n<script type=\"application\/ld+json\" class=\"yoast-schema-graph\">{\"@context\":\"https:\/\/schema.org\",\"@graph\":[{\"@type\":\"WebPage\",\"@id\":\"https:\/\/equiposcertificadosaltura.com\/index.php\/camion-canasta\/\",\"url\":\"https:\/\/equiposcertificadosaltura.com\/index.php\/camion-canasta\/\",\"name\":\"Cami\u00f3n Canasta - SAPMAN SAS\",\"isPartOf\":{\"@id\":\"https:\/\/equiposcertificadosaltura.com\/#website\"},\"primaryImageOfPage\":{\"@id\":\"https:\/\/equiposcertificadosaltura.com\/index.php\/camion-canasta\/#primaryimage\"},\"image\":{\"@id\":\"https:\/\/equiposcertificadosaltura.com\/index.php\/camion-canasta\/#primaryimage\"},\"thumbnailUrl\":\"https:\/\/equiposcertificadosaltura.com\/wp-content\/uploads\/2023\/10\/2-240x300.jpg\",\"datePublished\":\"2023-08-25T19:38:53+00:00\",\"dateModified\":\"2024-05-13T20:40:00+00:00\",\"description\":\"Disponibilidad de Cami\u00f3n canasta para trabajo a grandes alturas, cont\u00e1ctanos y recibe la mejor asesor\u00eda para el desarrollo de cualquier clase de proyecto en alturas.\",\"breadcrumb\":{\"@id\":\"https:\/\/equiposcertificadosaltura.com\/index.php\/camion-canasta\/#breadcrumb\"},\"inLanguage\":\"es\",\"potentialAction\":[{\"@type\":\"ReadAction\",\"target\":[\"https:\/\/equiposcertificadosaltura.com\/index.php\/camion-canasta\/\"]}]},{\"@type\":\"ImageObject\",\"inLanguage\":\"es\",\"@id\":\"https:\/\/equiposcertificadosaltura.com\/index.php\/camion-canasta\/#primaryimage\",\"url\":\"https:\/\/equiposcertificadosaltura.com\/wp-content\/uploads\/2023\/10\/2.jpg\",\"contentUrl\":\"https:\/\/equiposcertificadosaltura.com\/wp-content\/uploads\/2023\/10\/2.jpg\",\"width\":529,\"height\":661},{\"@type\":\"BreadcrumbList\",\"@id\":\"https:\/\/equiposcertificadosaltura.com\/index.php\/camion-canasta\/#breadcrumb\",\"itemListElement\":[{\"@type\":\"ListItem\",\"position\":1,\"name\":\"Portada\",\"item\":\"https:\/\/equiposcertificadosaltura.com\/\"},{\"@type\":\"ListItem\",\"position\":2,\"name\":\"Cami\u00f3n Canasta\"}]},{\"@type\":\"WebSite\",\"@id\":\"https:\/\/equiposcertificadosaltura.com\/#website\",\"url\":\"https:\/\/equiposcertificadosaltura.com\/\",\"name\":\"SAPMAN SAS\",\"description\":\"Alquiler de Andamios certificados\",\"publisher\":{\"@id\":\"https:\/\/equiposcertificadosaltura.com\/#organization\"},\"potentialAction\":[{\"@type\":\"SearchAction\",\"target\":{\"@type\":\"EntryPoint\",\"urlTemplate\":\"https:\/\/equiposcertificadosaltura.com\/?s={search_term_string}\"},\"query-input\":\"required name=search_term_string\"}],\"inLanguage\":\"es\"},{\"@type\":\"Organization\",\"@id\":\"https:\/\/equiposcertificadosaltura.com\/#organization\",\"name\":\"SAPMAN SAS\",\"url\":\"https:\/\/equiposcertificadosaltura.com\/\",\"logo\":{\"@type\":\"ImageObject\",\"inLanguage\":\"es\",\"@id\":\"https:\/\/equiposcertificadosaltura.com\/#\/schema\/logo\/image\/\",\"url\":\"https:\/\/equiposcertificadosaltura.com\/wp-content\/uploads\/2023\/08\/Imagen-de-WhatsApp-2023-07-31-a-las-19.16.17.jpg\",\"contentUrl\":\"https:\/\/equiposcertificadosaltura.com\/wp-content\/uploads\/2023\/08\/Imagen-de-WhatsApp-2023-07-31-a-las-19.16.17.jpg\",\"width\":969,\"height\":356,\"caption\":\"SAPMAN SAS\"},\"image\":{\"@id\":\"https:\/\/equiposcertificadosaltura.com\/#\/schema\/logo\/image\/\"}}]}<\/script>\n<!-- \/ Yoast SEO plugin. -->","yoast_head_json":{"title":"Cami\u00f3n Canasta - SAPMAN SAS","description":"Disponibilidad de Cami\u00f3n canasta para trabajo a grandes alturas, cont\u00e1ctanos y recibe la mejor asesor\u00eda para el desarrollo de cualquier clase de proyecto en alturas.","robots":{"index":"index","follow":"follow","max-snippet":"max-snippet:-1","max-image-preview":"max-image-preview:large","max-video-preview":"max-video-preview:-1"},"canonical":"https:\/\/equiposcertificadosaltura.com\/index.php\/camion-canasta\/","og_locale":"es_ES","og_type":"article","og_title":"Cami\u00f3n Canasta - SAPMAN SAS","og_description":"Disponibilidad de Cami\u00f3n canasta para trabajo a grandes alturas, cont\u00e1ctanos y recibe la mejor asesor\u00eda para el desarrollo de cualquier clase de proyecto en alturas.","og_url":"https:\/\/equiposcertificadosaltura.com\/index.php\/camion-canasta\/","og_site_name":"SAPMAN SAS","article_modified_time":"2024-05-13T20:40:00+00:00","og_image":[{"url":"https:\/\/equiposcertificadosaltura.com\/wp-content\/uploads\/2023\/10\/2-240x300.jpg"}],"twitter_card":"summary_large_image","twitter_misc":{"Tiempo de lectura":"3 minutos"},"schema":{"@context":"https:\/\/schema.org","@graph":[{"@type":"WebPage","@id":"https:\/\/equiposcertificadosaltura.com\/index.php\/camion-canasta\/","url":"https:\/\/equiposcertificadosaltura.com\/index.php\/camion-canasta\/","name":"Cami\u00f3n Canasta - SAPMAN SAS","isPartOf":{"@id":"https:\/\/equiposcertificadosaltura.com\/#website"},"primaryImageOfPage":{"@id":"https:\/\/equiposcertificadosaltura.com\/index.php\/camion-canasta\/#primaryimage"},"image":{"@id":"https:\/\/equiposcertificadosaltura.com\/index.php\/camion-canasta\/#primaryimage"},"thumbnailUrl":"https:\/\/equiposcertificadosaltura.com\/wp-content\/uploads\/2023\/10\/2-240x300.jpg","datePublished":"2023-08-25T19:38:53+00:00","dateModified":"2024-05-13T20:40:00+00:00","description":"Disponibilidad de Cami\u00f3n canasta para trabajo a grandes alturas, cont\u00e1ctanos y recibe la mejor asesor\u00eda para el desarrollo de cualquier clase de proyecto en alturas.","breadcrumb":{"@id":"https:\/\/equiposcertificadosaltura.com\/index.php\/camion-canasta\/#breadcrumb"},"inLanguage":"es","potentialAction":[{"@type":"ReadAction","target":["https:\/\/equiposcertificadosaltura.com\/index.php\/camion-canasta\/"]}]},{"@type":"ImageObject","inLanguage":"es","@id":"https:\/\/equiposcertificadosaltura.com\/index.php\/camion-canasta\/#primaryimage","url":"https:\/\/equiposcertificadosaltura.com\/wp-content\/uploads\/2023\/10\/2.jpg","contentUrl":"https:\/\/equiposcertificadosaltura.com\/wp-content\/uploads\/2023\/10\/2.jpg","width":529,"height":661},{"@type":"BreadcrumbList","@id":"https:\/\/equiposcertificadosaltura.com\/index.php\/camion-canasta\/#breadcrumb","itemListElement":[{"@type":"ListItem","position":1,"name":"Portada","item":"https:\/\/equiposcertificadosaltura.com\/"},{"@type":"ListItem","position":2,"name":"Cami\u00f3n Canasta"}]},{"@type":"WebSite","@id":"https:\/\/equiposcertificadosaltura.com\/#website","url":"https:\/\/equiposcertificadosaltura.com\/","name":"SAPMAN SAS","description":"Alquiler de Andamios certificados","publisher":{"@id":"https:\/\/equiposcertificadosaltura.com\/#organization"},"potentialAction":[{"@type":"SearchAction","target":{"@type":"EntryPoint","urlTemplate":"https:\/\/equiposcertificadosaltura.com\/?s={search_term_string}"},"query-input":"required name=search_term_string"}],"inLanguage":"es"},{"@type":"Organization","@id":"https:\/\/equiposcertificadosaltura.com\/#organization","name":"SAPMAN SAS","url":"https:\/\/equiposcertificadosaltura.com\/","logo":{"@type":"ImageObject","inLanguage":"es","@id":"https:\/\/equiposcertificadosaltura.com\/#\/schema\/logo\/image\/","url":"https:\/\/equiposcertificadosaltura.com\/wp-content\/uploads\/2023\/08\/Imagen-de-WhatsApp-2023-07-31-a-las-19.16.17.jpg","contentUrl":"https:\/\/equiposcertificadosaltura.com\/wp-content\/uploads\/2023\/08\/Imagen-de-WhatsApp-2023-07-31-a-las-19.16.17.jpg","width":969,"height":356,"caption":"SAPMAN SAS"},"image":{"@id":"https:\/\/equiposcertificadosaltura.com\/#\/schema\/logo\/image\/"}}]}},"_links":{"self":[{"href":"https:\/\/equiposcertificadosaltura.com\/index.php\/wp-json\/wp\/v2\/pages\/705"}],"collection":[{"href":"https:\/\/equiposcertificadosaltura.com\/index.php\/wp-json\/wp\/v2\/pages"}],"about":[{"href":"https:\/\/equiposcertificadosaltura.com\/index.php\/wp-json\/wp\/v2\/types\/page"}],"author":[{"embeddable":true,"href":"https:\/\/equiposcertificadosaltura.com\/index.php\/wp-json\/wp\/v2\/users\/1"}],"replies":[{"embeddable":true,"href":"https:\/\/equiposcertificadosaltura.com\/index.php\/wp-json\/wp\/v2\/comments?post=705"}],"version-history":[{"count":39,"href":"https:\/\/equiposcertificadosaltura.com\/index.php\/wp-json\/wp\/v2\/pages\/705\/revisions"}],"predecessor-version":[{"id":1854,"href":"https:\/\/equiposcertificadosaltura.com\/index.php\/wp-json\/wp\/v2\/pages\/705\/revisions\/1854"}],"wp:attachment":[{"href":"https:\/\/equiposcertificadosaltura.com\/index.php\/wp-json\/wp\/v2\/media?parent=705"}],"curies":[{"name":"wp","href":"https:\/\/api.w.org\/{rel}","templated":true}]}}